{"id":14,"date":"2020-09-22T16:34:49","date_gmt":"2020-09-22T16:34:49","guid":{"rendered":"https:\/\/mbterapi.se\/?page_id=14"},"modified":"2020-10-14T11:57:32","modified_gmt":"2020-10-14T11:57:32","slug":"om-mig","status":"publish","type":"page","link":"https:\/\/mbterapi.se\/index.php\/om-mig\/","title":{"rendered":"Om mig"},"content":{"rendered":"\n<p>Jag heter Monica Bernpaintner och \u00e4r certifierad samtalsterapeut. Intresset f\u00f6r m\u00e4nniskor och m\u00e4nskliga relationer \u00e4r det som varit min drivkraft genom livet. Som ton\u00e5ring och ung vuxen arbetade jag extra i hemtj\u00e4nsten och i v\u00e5rden. Jag tog examen fr\u00e5n l\u00e4rarh\u00f6gskolan 1992 och har sedan dess arbetat med allt fr\u00e5n sex\u00e5riga barn till pension\u00e4rer. I hela mitt liv har jag varit engagerad i olika organisationer och har som volont\u00e4r arbetat mycket med b\u00e5de undervisning, r\u00e5dgivning och sj\u00e4lav\u00e5rd. P\u00e5 det privata planet har jag samlat p\u00e5 mig erfarenhet fr\u00e5n min stora familj, mitt \u00e4ktenskap och min roll som mamma.<\/p>\n\n\n\n<div class=\"wp-block-image\"><figure class=\"aligncenter size-large\"><img loading=\"lazy\" width=\"960\" height=\"480\" src=\"https:\/\/mbterapi.se\/wp-content\/uploads\/2020\/09\/imengine.gota_.infomaker.io-3.jpeg\" alt=\"\" class=\"wp-image-43\" srcset=\"https:\/\/mbterapi.se\/wp-content\/uploads\/2020\/09\/imengine.gota_.infomaker.io-3.jpeg 960w, https:\/\/mbterapi.se\/wp-content\/uploads\/2020\/09\/imengine.gota_.infomaker.io-3-300x150.jpeg 300w, https:\/\/mbterapi.se\/wp-content\/uploads\/2020\/09\/imengine.gota_.infomaker.io-3-768x384.jpeg 768w\" sizes=\"(max-width: 960px) 100vw, 960px\" \/><\/figure><\/div>\n\n\n\n<p>2017 gick b\u00e5da mina f\u00f6r\u00e4ldrar bort i cancer och n\u00e4r livet k\u00e4ndes hanterbart igen var mitt fokus klart. Jag best\u00e4mde mig f\u00f6r att g\u00f6ra n\u00e5got \u00e5t dr\u00f6mmen om att arbeta som samtalsst\u00f6d p\u00e5 heltid och satte mig i skolb\u00e4nken igen. Under utbildningen har jag ut\u00f6kat min kompetens med hj\u00e4lp av teoretiska studier och handledda samtal.<\/p>\n\n\n\n<p><em>Min certifiering \u00e4r knuten till ICF:s elva k\u00e4rnkompetenser och grundas i KBT, transaktionsanalys och mental tr\u00e4ning. Vad inneb\u00e4r det? ICF (International Coach Federation) har utarbetat <a href=\"https:\/\/icfsverige.se\/wp-content\/uploads\/2020\/03\/ICF-K\u00e4rnkompetenser-L\u00e5ng-Version-2020-02-10-Hemsideversionen.pdf\">en kompetensmodell <\/a>som &#8220;baseras p\u00e5 material som samlats in fr\u00e5n fler \u00e4n 1300 coacher \u00f6ver hela v\u00e4rlden, b\u00e5de medlemmar i ICF och ickemedlemmar, som representerar en bred upps\u00e4ttning coachfilosofier, utbildningsbakgrunder, coachstilar och erfarenhetsniv\u00e5er.&#8221;<\/em> (Citat fr\u00e5n ICF Sveriges hemsida)<\/p>\n","protected":false},"excerpt":{"rendered":"<p>Jag heter Monica Bernpaintner och \u00e4r certifierad samtalsterapeut. Intresset f\u00f6r m\u00e4nniskor och m\u00e4nskliga relationer \u00e4r det som varit min drivkraft genom livet. Som ton\u00e5ring och ung vuxen arbetade jag extra i hemtj\u00e4nsten och i v\u00e5rden. Jag tog examen fr\u00e5n l\u00e4rarh\u00f6gskolan 1992 och har sedan dess arbetat med allt fr\u00e5n sex\u00e5riga barn till pension\u00e4rer. I hela &hellip; <\/p>\n","protected":false},"author":1,"featured_media":0,"parent":0,"menu_order":0,"comment_status":"closed","ping_status":"closed","template":"","meta":[],"_links":{"self":[{"href":"https:\/\/mbterapi.se\/index.php\/wp-json\/wp\/v2\/pages\/14"}],"collection":[{"href":"https:\/\/mbterapi.se\/index.php\/wp-json\/wp\/v2\/pages"}],"about":[{"href":"https:\/\/mbterapi.se\/index.php\/wp-json\/wp\/v2\/types\/page"}],"author":[{"embeddable":true,"href":"https:\/\/mbterapi.se\/index.php\/wp-json\/wp\/v2\/users\/1"}],"replies":[{"embeddable":true,"href":"https:\/\/mbterapi.se\/index.php\/wp-json\/wp\/v2\/comments?post=14"}],"version-history":[{"count":12,"href":"https:\/\/mbterapi.se\/index.php\/wp-json\/wp\/v2\/pages\/14\/revisions"}],"predecessor-version":[{"id":76,"href":"https:\/\/mbterapi.se\/index.php\/wp-json\/wp\/v2\/pages\/14\/revisions\/76"}],"wp:attachment":[{"href":"https:\/\/mbterapi.se\/index.php\/wp-json\/wp\/v2\/media?parent=14"}],"curies":[{"name":"wp","href":"https:\/\/api.w.org\/{rel}","templated":true}]}}